c(s) = -s**3 + 46*s**2 - 148*s. Determine c(4).
80
Let i(r) = -3*r**3 + 1104*r**2 - 32280*r + 8069. Give i(336).
5
Let x(p) = 683*p + 7385. Give x(-11).
-128
Let u(l) = 80*l**2 - 57*l + 103. Determine u(4).
1155
Let q(m) = 116399*m**2 - 1513185*m - 35. Give q(13).
-9
Let g(x) = -2*x**3 + 20*x**2 - 73*x + 170. What is g(8)?
-158
Let g(v) = v**2 - 16*v + 1005. Calculate g(36).
1725
Let i(c) = -41*c**3 - 1759*c**2 + 190*c + 684. Calculate i(-43).
-90
Let z(n) = n**2 - 184*n + 6050. Give z(141).
-13
Let a(j) = -j**3 + 97*j**2 + 1308*j + 200. What is a(109)?
200
Let f(l) = 20*l**2 + 1314*l - 387. Calculate f(-66).
9
Let x(w) = 479960*w + 3359724. Give x(-7).
4
Let l(i) = 645*i - 37421. What is l(58)?
-11
Let h(x) = x**2 - 23*x - 1407. Determine h(64).
1217
Let t(d) = 404*d + 93827. Give t(-234).
-709
Let i(y) = y**3 - 590*y**2 + 17854*y + 54. What is i(32)?
-10
Let d(j) = j**3 - 2*j**2 + 19*j - 182. What is d(9)?
556
Let p(j) = -40258*j - 362258. Determine p(-9).
64
Let k(d) = 9261*d**2 + 444531*d + 150. Determine k(-48).
6
Let j(w) = -w**3 + 5*w**2 - 157*w + 1217. Give j(7).
20
Let o(u) = -653*u**2 + 209*u - 306. Calculate o(3).
-5556
Let f(p) = -p**3 + 1388*p**2 + 28185*p - 35214. Give f(1408).
-14
Let a(b) = 337518*b + 10463065. Determine a(-31).
7
Let b(m) = 7276*m + 7312. Give b(-1).
36
Let m(s) = -s**3 - 58*s**2 + 376*s + 53. Determine m(6).
5
Let a(v) = -v**3 + 32*v**2 - 23*v + 157. Determine a(6).
955
Let d(v) = 5*v**3 + 2119*v**2 - 439*v - 6354. Determine d(-424).
6
Let d(m) = 6*m**2 + 1228*m + 32864. Give d(-173).
-6
Let s(w) = 179982*w - 179978. Determine s(1).
4
Let j(l) = l**3 + 61*l**2 + 935*l + 144. What is j(-32)?
-80
Let g(y) = -2*y**3 - 393*y**2 - 216*y - 4454. Determine g(-196).
-534
Let q(x) = 2*x**3 - 5*x**2 + 15*x - 61. Calculate q(5).
139
Let h(n) = 104461*n + 417836. Determine h(-4).
-8
Let t(d) = 2*d**2 - 290*d + 8764. What is t(101)?
-124
Let c(r) = -r**2 - 97321*r + 1265343. What is c(13)?
1
Let a(l) = -53*l**2 - 733*l + 97. Give a(-14).
-29
Let t(v) = -88439*v - 884416. Calculate t(-10).
-26
Let u(k) = -1467*k - 20419. Give u(-14).
119
Let u(k) = 7*k**3 + 105*k**2 + 73*k + 1160. Calculate u(-15).
65
Let k(p) = -152*p**2 - 699*p - 2108. Calculate k(-3).
-1379
Let o(p) = -65367*p - 261486. Determine o(-4).
-18
Let n(j) = 5*j**3 + 66*j**2 - 174*j - 2348. Determine n(-13).
83
Let m(v) = 3*v**2 - 112*v + 859. What is m(20)?
-181
Let j(p) = -1022*p - 138923. What is j(-136)?
69
Let s(v) = -v**3 + 53*v**2 - 200*v + 24393. What is s(57)?
-3
Let z(t) = -3*t**2 - 1520*t - 4538. Determine z(-3).
-5
Let b(r) = -r**3 + 3*r**2 + 77*r - 313. Calculate b(4).
-21
Let d(u) = 349106*u - 2792818. Calculate d(8).
30
Let j(q) = 2*q**3 - 89*q**2 + 797*q + 218. Give j(13).
-68
Let h(q) = q**3 - 5*q**2 - 1668*q + 14697. Calculate h(9).
9
Let g(t) = -1366*t - 179327. Determine g(-131).
-381
Let r(j) = 66575*j + 266440. Determine r(-4).
140
Let y(s) = -2*s**2 + 58*s + 2544. Calculate y(59).
-996
Let q(r) = r**3 - 55*r**2 - 171*r - 182. Calculate q(58).
-8
Let h(i) = i**2 + 3*i + 213. Calculate h(23).
811
Let d(v) = -v**2 + 110*v - 92. Calculate d(-35).
-5167
Let a(w) = -146*w**2 + 2920*w - 29. What is a(20)?
-29
Let b(p) = p**2 + 8108*p + 242399. Calculate b(-30).
59
Let j(r) = -r**2 - 4940*r - 2788505. What is j(-650)?
-5
Let k(x) = -x**3 + 60*x**2 + 28*x + 1957. Calculate k(61).
-56
Let x(d) = -28154*d**2 - 56345*d - 79. Determine x(-2).
-5
Let k(j) = j**3 - 3*j**2 - 54*j - 16. Give k(9).
-16
Let a(t) = t**2 - 165*t + 810. What is a(5)?
10
Let b(q) = -4720*q - 254879. Give b(-54).
1
Let o(s) = s**3 - 31*s**2 + 161*s - 280. Give o(25).
-5
Let o(b) = -21*b**2 + 3678*b + 26839. Give o(-7).
64
Let g(b) = -238*b + 1446. Calculate g(6).
18
Let h(m) = -m**3 - 104*m**2 + 189*m - 2469. Calculate h(-106).
-31
Let t(w) = -488*w - 16584. What is t(-34)?
8
Let b(u) = 1850*u - 85033. Calculate b(46).
67
Let p(c) = -c**2 + 1126*c + 134653. Calculate p(-109).
38
Let d(u) = 1161*u + 3683. What is d(-3)?
200
Let j(v) = 67352*v - 67342. Calculate j(1).
10
Let w(m) = 2*m**2 - 1465*m + 37121. Give w(26).
383
Let l(y) = 9401*y + 37541. Calculate l(-4).
-63
Let b(j) = 2*j**3 - 197*j**2 - 33*j - 6521. Calculate b(99).
13
Let c(n) = 6*n**3 - 393*n**2 + 957*n - 759. Calculate c(63).
-3
Let n(l) = -7294*l - 138584. Calculate n(-19).
2
Let c(a) = -41052*a - 779978. Give c(-19).
10
Let l(c) = c**3 - 64*c**2 - 416*c - 190. Give l(70).
90
Let l(b) = -616*b - 30854. Determine l(-53).
1794
Let x(q) = 1851*q + 62346. What is x(-34)?
-588
Let s(x) = x**3 - 150*x**2 + 439*x + 288. Calculate s(147).
-6
Let t(d) = 4*d**2 + 70*d + 596. Determine t(-8).
292
Let k(c) = c**3 + 16*c**2 + 112*c + 1318. Determine k(-12).
550
Let k(f) = 3580*f + 46582. Determine k(-13).
42
Let a(w) = -2051*w - 182534. What is a(-89)?
5
Let p(h) = 6*h**3 - 43*h**2 - 131*h + 968. Give p(7).
2
Let p(o) = 584*o + 12021. What is p(-21)?
-243
Let y(v) = 29040*v + 1974740. Give y(-68).
20
Let y(w) = -885*w + 90658. What is y(102)?
388
Let n(d) = 527*d + 18903. Determine n(-34).
985
Let y(n) = 63*n**3 - 348*n**2 - 13*n + 26. Give y(4).
-1562
Let r(n) = -4*n**2 - 459*n - 7204. What is r(-96)?
-4
Let u(m) = 235*m**2 - 284*m + 4. What is u(-1)?
523
Let v(o) = -48767*o + 1414245. What is v(29)?
2
Let w(l) = 18*l - 392. Give w(-27).
-878
Let i(v) = -2*v**2 - 562*v + 17962. What is i(-310)?
-18
Let f(z) = -27931*z + 1703766. Determine f(61).
-25
Let y(d) = 4*d**3 + 1468*d**2 + 2*d + 743. Calculate y(-367).
9
Let g(n) = -51619*n + 2942291. What is g(57)?
8
Let p(y) = 11*y**2 + 178*y - 135. Calculate p(-17).
18
Let d(t) = -3287*t**2 + 16426*t - 4. What is d(5)?
-49
Let o(d) = -5514*d + 88188. Calculate o(16).
-36
Let v(w) = 3*w**2 + 241*w - 2134. Determine v(-92).
1086
Let i(t) = 59*t**3 - 430*t**2 - 10*t + 70. Give i(7).
-833
Let f(y) = 25*y**3 + 102*y - 207. Determine f(2).
197
Let a(r) = r**2 + 142*r - 9356. What is a(-191)?
3
Let p(h) = -h**3 - 71*h**2 + 185*h + 959. What is p(5)?
-16
Let g(i) = -10*i**3 + 145*i**2 + 246*i + 3044. Calculate g(17).
1
Let r(m) = 938*m + 17771. Give r(-18).
887
Let k(v) = v**3 - 251*v**2 - 22464*v + 362. What is k(-70)?
-58
Let i(j) = -j**3 + 38*j**2 - 285*j + 70. What is i(26)?
772
Let o(x) = -6*x**2 - 430*x + 4055. Calculate o(9).
-301
Let y(a) = -a**2 + 4820*a + 243500. Calculate y(-50).
0
Let k(x) = -41*x**2 - 208*x + 303. What is k(-7)?
-250
Let n(f) = -11*f**3 + 87*f**2 + f. Calculate n(8).
-56
Let z(j) = 5*j**3 - 12*j**2 + 31*j + 126. Determine z(-4).
-510
Let r(n) = -4378*n**2 + 2587398*n + 11. Give r(591).
11
Let j(f) = 768*f**2 + 11507*f - 169. Calculate j(-15).
26
Let p(a) = -57942*a - 4693333. Calculate p(-81).
-31
Let b(g) = -g**3 + 11*g**2 + 87*g - 447. Give b(13).
346
Let g(o) = 245*o + 7790. Calculate g(-28).
930
Let c(p) = -477*p + 7863. Calculate c(18).
-723
Let i(q) = 4267*q + 21685. What is i(-5)?
350
Let d(k) = 29909*k - 179735. Calculate d(6).
-281
Let p(y) = 1101*y - 10654. Give p(9).
-745
Let h(z) = 2*z**3 - 178*z**2 + 10*z + 14601. Give h(88).
-7
Let f(k) = -2*k**3 - 9*k**2 - k - 13. Give f(-7).
239
Let i(y) = -223*y + 12458. Determine i(64).
-1814
Let z(u) = -6*u**3 + 817*u**2 - 9715*u - 170. Give z(123).
76
Let y(v) = 68*v**2 - 1128*v - 185. Calculate y(17).
291
Let b(v) = 102*v**2 + 61314*v + 7198. Give b(-601).
-14
Let z(l) = 3443*l + 31250. What is z(-9)?
263
Let v(i) = -8*i**2 + 179*i + 165. Give v(23).
50
Let g(l) = -l**3 + 16*l**2 - 77*l + 200. Determine g(9).
74
Let x(a) = a**3 + 30*a**2 - 9*a + 4. Calculate x(0).
4
Let q(t) = 347*t + 16900. Calculate q(-49).
-103
Let g(l) = 2*l**3 - 560*l**2 + 1665*l - 391. Calculate g(277).
440
Let b(s) = 2*s**3 + 14*s**2 - 328856*s - 2630723. Calculate b(-8).
-3
Let q(m) = -858*m + 573. Give q(1).
-285
Let p(f) = f**2 - 117*f - 11516. What is p(181)?
68
Let y(c) = 2*c**2 - 92*c - 1864. Calculate y(63).
278
Let o(i) = -i**2 + 344*i + 4515. What is o(-13)?
-126
Let g(f) = 1271*f + 842680. What is g(-663)?
7
Let h(t) = 59*t**2 - 363*t - 2107. Determine h(-6).
2195
Let w(u) = -739*u**2 - 61337*u + 63. Give w(-83).
63
Let t(g) = 2*g**3 - 1055*g**2 - 32*g + 9. Calculate t(0).
9
Let x(s) = 28960*s - 115987. What is x(4)?
-147
Let n(a) = 3*a**2 + 60720*a + 242833. Calculate n(-4).
1
Let o(y) = -y**3 + 85*y**2 + 23*y - 220